{"id":477,"date":"2015-04-12T18:44:07","date_gmt":"2015-04-12T15:44:07","guid":{"rendered":"https:\/\/saglikpersonelleri.com\/?page_id=477"},"modified":"2018-11-22T20:16:22","modified_gmt":"2018-11-22T17:16:22","slug":"kunye","status":"publish","type":"page","link":"https:\/\/saglikpersonelleri.com\/?page_id=477","title":{"rendered":"K\u00fcnye"},"content":{"rendered":"<h2 style=\"text-align: center;\"><strong>\u0130mtiyaz Sahibi \/ Grantee<\/strong><\/h2>\n<p style=\"text-align: center;\">\u015eahin Gezer<br \/>\n(info@saglikpersonelleri.com)<\/p>\n<h3 style=\"text-align: center;\"><strong>Genel Yay\u0131n Y\u00f6netmeni \/ Editor in Chief<\/strong><\/h3>\n<p style=\"text-align: center;\">Ahmet Duran<br \/>\n(aduran@saglikpersonelleri.com)<\/p>\n<h3 style=\"text-align: center;\"><strong>Edit\u00f6rler \/ Editors<\/strong><\/h3>\n<p style=\"text-align: center;\">Elif \u00d6zer \u2013 elif.ozer@saglikpersonelleri.com<br \/>\nHakan \u00d6zt\u00fcrk \u2013 hakan.ozturk@saglikpersonelleri.com<br \/>\nAhmet Tan\u0131k \u2013 ahmet.tanik@saglikpersonelleri.com<br \/>\nN\u00fckte Y\u0131lmaz \u2013 nukte@saglikpersonelleri.com<\/p>\n<p style=\"text-align: center;\"><strong>Gece Vardiyas\u0131 Edit\u00f6r\u00fc \/ Night Shift Editor<\/strong><br \/>\n\u0130smail Ta\u015f \u2013 ismail.tas@saglikpersonelleri.com<\/p>\n<p style=\"text-align: center;\"><strong>Hukuk Dan\u0131\u015fman\u0131 \/ Jurisconsult<\/strong><\/p>\n<p style=\"text-align: center;\">Av. Ahmet \u015een<\/p>\n<p style=\"text-align: center;\"><strong>Reklam \/ Advertise<\/strong><\/p>\n<p style=\"text-align: center;\">Sibel T\u00fcrk<br \/>\n(reklam@saglikpersonelleri.com)<\/p>\n<p style=\"text-align: center;\"><strong>Yaz\u0131l\u0131m ve Sistem Y\u00f6netimi \/ Software Administration<\/strong><\/p>\n<p style=\"text-align: center;\"><img decoding=\"async\" class=\"alignnone\" src=\"http:\/\/www.xturk.com\/wp-content\/uploads\/2013\/10\/xlogo1.png\" alt=\"\" width=\"198\" height=\"92\" \/><\/p>\n<p style=\"text-align: center;\"><strong>BASIN B\u00dcLTENLER\u0130<\/strong><br \/>\nSitemizin ilgili kategorilerinde yer almas\u0131n\u0131 istedi\u011finiz haberleri<br \/>\na\u015fa\u011f\u0131daki mail adresi arac\u0131l\u0131\u011f\u0131 ile bize bildirebilirsiniz.<br \/>\n(iletisim@saglikpersonelleri.com)<\/p>\n<h4 style=\"text-align: center;\"><strong>Adres \/ Addresse<\/strong><\/h4>\n<p style=\"text-align: center;\">Zeytinlibah\u00e7e Cad. Tu\u011frul Berke \u0130\u015fhan\u0131 Kat 9 No: 14 Akdeniz\/MERS\u0130N<\/p>\n<p style=\"text-align: center;\">Telefon :<\/p>\n<p style=\"text-align: center;\">Email : info@saglikpersonelleri.com<\/p>\n<p style=\"text-align: center;\">( Hafta \u0130\u00e7i <strong>08:00 \u2013 18:00<\/strong>)<\/p>\n<p style=\"text-align: center;\">Sitede yay\u0131mlanan K\u00f6\u015fe Yaz\u0131lar\u0131 ve Yorumlar\u0131n sorumlulu\u011fu yazarlar\u0131na aittir.<br \/>\nsaglikpersonelleri.com yaz\u0131lar\u0131n sorumlulu\u011funu almaz.<\/p>\n<p style=\"text-align: center;\">saglikpersonelleri.com<\/p>\n<p style=\"text-align: center;\">\u2018Bas\u0131n Meslek \u0130lkeleri\u2019ne uymaya s\u00f6z vermi\u015ftir.<\/p>\n<p style=\"text-align: center;\"><strong>Gizlilik Politikas\u0131 \/ Privacy Policy<\/strong><\/p>\n<p style=\"text-align: center;\">\u00a9 Copyrigth 2016 saglikpersonelleri.com t\u00fcm haklar\u0131 sakl\u0131d\u0131r. Kod, haber, resim, r\u00f6portaj gibi her t\u00fcrl\u00fc i\u00e7eri\u011finin t\u00fcm telif haklar\u0131 hak sahiplerine aittir. Saglikpersonelleri.com sitesinde yer alan b\u00fct\u00fcn yaz\u0131lar, materyaller, resimler, ses dosyalar\u0131, animasyonlar, videolar, dizayn, tasar\u0131m ve d\u00fczenlemelerimizin telif haklar\u0131 5846 numaral\u0131 yasa telif haklar\u0131 korunmaktad\u0131r.<\/p>\n<p style=\"text-align: center;\">Bunlar saglikpersonelleri.com\u2019un yaz\u0131l\u0131 izni olmaks\u0131z\u0131n ticari olarak herhangi bir \u015fekilde kopyalanamaz, da\u011f\u0131t\u0131lamaz, de\u011fi\u015ftirilemez, yay\u0131nlanamaz. \u0130zinsiz ve kaynak belirtilmeksizin kopyalama ve kullan\u0131m\u0131 yap\u0131lamaz.<\/p>\n<p style=\"text-align: center;\">Yay\u0131nlanan yaz\u0131 ve yorumlardan yazarlar\u0131 sorumludur. saglikpersonelleri.com hi\u00e7bir bildirim yapmadan, herhangi bir zaman de\u011fi\u015fikli\u011fe gidebilir. Bu sitedeki bilgilerden kaynakl\u0131 hatalar\u0131n hi\u00e7birinden sorumlu de\u011fildir.<\/p>\n<p style=\"text-align: center;\"><strong>Privacy Policy<\/strong><\/p>\n<p style=\"text-align: center;\">We will keep your information confidential except where disclosure is required or permitted by law (for example to government bodies and law enforcement agencies). Generally, we will only use your information within the saglikpersonelleri.com. However, sometimes the saglikpersonelleri.com uses third parties to process your information. saglikpersonelleri.com requires these third parties to comply strictly with its instructions and the saglikpersonelleri.com requires that they do not use your personal information for their own business purposes, unless you have explicitly consented to the use of your personal information in this way. When you interact with the saglikpersonelleri.com we sometimes receive personal information about you. For example, if you write to us or sign up to a newsletter, you might tell us who you are, how we can contact you and what you think of the saglikpersonelleri.com and its services. When you use saglikpersonelleri.com online services, we use cookies and collect IP addresses. You can find out more about this in the saglikpersonelleri.com cookies section of our full Privacy Policy.<\/p>\n<p style=\"text-align: center;\"><strong>YASAL B\u0130LD\u0130R\u0130MLER \u0130\u00c7\u0130N<\/strong><\/p>\n<p style=\"text-align: center;\">Firmam\u0131za ait olan www.saglikpersonelleri.com\u2019un yay\u0131nlar\u0131nda, hukuka, yasaya, telif haklar\u0131n\u0131za ve ki\u015filik haklar\u0131n\u0131za sayg\u0131l\u0131 bir bi\u00e7imde yay\u0131n yapmay\u0131 ama\u00e7 edinmi\u015f olup, 5651 say\u0131l\u0131 yasa gere\u011fi \u201ci\u00e7erik sa\u011flay\u0131c\u0131\u201d olarak hizmet vermektedir. Bu sebepten yay\u0131n organlar\u0131 taraf\u0131ndan yay\u0131nlanan haberleri okurlar\u0131m\u0131za aktarmaya \u00e7al\u0131\u015fmakta oldu\u011fumuzdan hukuka ayk\u0131r\u0131 g\u00f6r\u00fclen i\u00e7erikleri kontrol etme y\u00fck\u00fcml\u00fcl\u00fc\u011f\u00fcm\u00fcz yoktur. Sitemiz \u201cuyar ve kald\u0131r\u201d prensibi ile i\u015flem yapt\u0131\u011f\u0131ndan, herhangi bir haber ile ki\u015fili\u011finize, \u015firketinize, telif haklar\u0131n\u0131za, eserlerinize veya yasal haklar\u0131n\u0131z\u0131n \u00e7i\u011fnendi\u011fini d\u00fc\u015f\u00fcnen hak sahipleri iletisim@saglikpersonelleri.com \u00fczerinden bize ula\u015fabilirler. Talep ve \u015fikayetler avukat\u0131m\u0131z taraf\u0131ndan incelenecek ve ihlal olmas\u0131 durumunda gerekli i\u00e7erikler kald\u0131r\u0131lacakt\u0131r.<\/p>\n","protected":false},"excerpt":{"rendered":"<p>\u0130mtiyaz Sahibi \/ Grantee \u015eahin Gezer (info@saglikpersonelleri.com) Genel Yay\u0131n Y\u00f6netmeni \/ Editor in Chief Ahmet Duran (aduran@saglikpersonelleri.com) Edit\u00f6rler \/ Editors Elif \u00d6zer \u2013 elif.ozer@saglikpersonelleri.com Hakan \u00d6zt\u00fcrk \u2013 hakan.ozturk@saglikpersonelleri.com Ahmet Tan\u0131k \u2013 ahmet.tanik@saglikpersonelleri.com N\u00fckte Y\u0131lmaz \u2013 nukte@saglikpersonelleri.com Gece Vardiyas\u0131 Edit\u00f6r\u00fc \/ Night Shift Editor \u0130smail Ta\u015f \u2013 ismail.tas@saglikpersonelleri.com Hukuk Dan\u0131\u015fman\u0131 \/ Jurisconsult Av. Ahmet \u015een Reklam &hellip;<\/p>\n","protected":false},"author":1,"featured_media":0,"parent":0,"menu_order":0,"comment_status":"closed","ping_status":"closed","template":"","meta":{"footnotes":""},"class_list":["post-477","page","type-page","status-publish","hentry"],"yoast_head":"<!-- This site is optimized with the Yoast SEO plugin v23.0 - https:\/\/yoast.com\/wordpress\/plugins\/seo\/ -->\n<title>K\u00fcnye - Sa\u011fl\u0131k Haberleri<\/title>\n<meta name=\"robots\" content=\"index, follow, max-snippet:-1, max-image-preview:large, max-video-preview:-1\" \/>\n<link rel=\"canonical\" href=\"https:\/\/saglikpersonelleri.com\/?page_id=477\" \/>\n<meta property=\"og:locale\" content=\"tr_TR\" \/>\n<meta property=\"og:type\" content=\"article\" \/>\n<meta property=\"og:title\" content=\"K\u00fcnye - Sa\u011fl\u0131k Haberleri\" \/>\n<meta property=\"og:description\" content=\"\u0130mtiyaz Sahibi \/ Grantee \u015eahin Gezer (info@saglikpersonelleri.com) Genel Yay\u0131n Y\u00f6netmeni \/ Editor in Chief Ahmet Duran (aduran@saglikpersonelleri.com) Edit\u00f6rler \/ Editors Elif \u00d6zer \u2013 elif.ozer@saglikpersonelleri.com Hakan \u00d6zt\u00fcrk \u2013 hakan.ozturk@saglikpersonelleri.com Ahmet Tan\u0131k \u2013 ahmet.tanik@saglikpersonelleri.com N\u00fckte Y\u0131lmaz \u2013 nukte@saglikpersonelleri.com Gece Vardiyas\u0131 Edit\u00f6r\u00fc \/ Night Shift Editor \u0130smail Ta\u015f \u2013 ismail.tas@saglikpersonelleri.com Hukuk Dan\u0131\u015fman\u0131 \/ Jurisconsult Av. Ahmet \u015een Reklam &hellip;\" \/>\n<meta property=\"og:url\" content=\"https:\/\/saglikpersonelleri.com\/?page_id=477\" \/>\n<meta property=\"og:site_name\" content=\"Sa\u011fl\u0131k Haberleri\" \/>\n<meta property=\"article:modified_time\" content=\"2018-11-22T17:16:22+00:00\" \/>\n<meta property=\"og:image\" content=\"http:\/\/www.xturk.com\/wp-content\/uploads\/2013\/10\/xlogo1.png\" \/>\n<meta name=\"twitter:card\" content=\"summary_large_image\" \/>\n<meta name=\"twitter:label1\" content=\"Tahmini okuma s\u00fcresi\" \/>\n\t<meta name=\"twitter:data1\" content=\"3 dakika\" \/>\n<script type=\"application\/ld+json\" class=\"yoast-schema-graph\">{\"@context\":\"https:\/\/schema.org\",\"@graph\":[{\"@type\":\"WebPage\",\"@id\":\"https:\/\/saglikpersonelleri.com\/?page_id=477\",\"url\":\"https:\/\/saglikpersonelleri.com\/?page_id=477\",\"name\":\"K\u00fcnye - Sa\u011fl\u0131k Haberleri\",\"isPartOf\":{\"@id\":\"https:\/\/saglikpersonelleri.com\/#website\"},\"primaryImageOfPage\":{\"@id\":\"https:\/\/saglikpersonelleri.com\/?page_id=477#primaryimage\"},\"image\":{\"@id\":\"https:\/\/saglikpersonelleri.com\/?page_id=477#primaryimage\"},\"thumbnailUrl\":\"http:\/\/www.xturk.com\/wp-content\/uploads\/2013\/10\/xlogo1.png\",\"datePublished\":\"2015-04-12T15:44:07+00:00\",\"dateModified\":\"2018-11-22T17:16:22+00:00\",\"breadcrumb\":{\"@id\":\"https:\/\/saglikpersonelleri.com\/?page_id=477#breadcrumb\"},\"inLanguage\":\"tr\",\"potentialAction\":[{\"@type\":\"ReadAction\",\"target\":[\"https:\/\/saglikpersonelleri.com\/?page_id=477\"]}]},{\"@type\":\"ImageObject\",\"inLanguage\":\"tr\",\"@id\":\"https:\/\/saglikpersonelleri.com\/?page_id=477#primaryimage\",\"url\":\"http:\/\/www.xturk.com\/wp-content\/uploads\/2013\/10\/xlogo1.png\",\"contentUrl\":\"http:\/\/www.xturk.com\/wp-content\/uploads\/2013\/10\/xlogo1.png\"},{\"@type\":\"BreadcrumbList\",\"@id\":\"https:\/\/saglikpersonelleri.com\/?page_id=477#breadcrumb\",\"itemListElement\":[{\"@type\":\"ListItem\",\"position\":1,\"name\":\"Ana sayfa\",\"item\":\"https:\/\/saglikpersonelleri.com\/\"},{\"@type\":\"ListItem\",\"position\":2,\"name\":\"K\u00fcnye\"}]},{\"@type\":\"WebSite\",\"@id\":\"https:\/\/saglikpersonelleri.com\/#website\",\"url\":\"https:\/\/saglikpersonelleri.com\/\",\"name\":\"Sa\u011fl\u0131k Haberleri\",\"description\":\"Sa\u011fl\u0131k Personelleri G\u00fcndem ve Geli\u015fmeler\",\"publisher\":{\"@id\":\"https:\/\/saglikpersonelleri.com\/#organization\"},\"potentialAction\":[{\"@type\":\"SearchAction\",\"target\":{\"@type\":\"EntryPoint\",\"urlTemplate\":\"https:\/\/saglikpersonelleri.com\/?s={search_term_string}\"},\"query-input\":\"required name=search_term_string\"}],\"inLanguage\":\"tr\"},{\"@type\":\"Organization\",\"@id\":\"https:\/\/saglikpersonelleri.com\/#organization\",\"name\":\"Sa\u011fl\u0131k Personelleri\",\"url\":\"https:\/\/saglikpersonelleri.com\/\",\"logo\":{\"@type\":\"ImageObject\",\"inLanguage\":\"tr\",\"@id\":\"https:\/\/saglikpersonelleri.com\/#\/schema\/logo\/image\/\",\"url\":\"https:\/\/saglikpersonelleri.com\/wp-content\/uploads\/logo-1.png\",\"contentUrl\":\"https:\/\/saglikpersonelleri.com\/wp-content\/uploads\/logo-1.png\",\"width\":270,\"height\":125,\"caption\":\"Sa\u011fl\u0131k Personelleri\"},\"image\":{\"@id\":\"https:\/\/saglikpersonelleri.com\/#\/schema\/logo\/image\/\"},\"sameAs\":[\"https:\/\/www.pinterest.com\/saglikhaberlerimiz\/\"]}]}<\/script>\n<!-- \/ Yoast SEO plugin. -->","yoast_head_json":{"title":"K\u00fcnye - Sa\u011fl\u0131k Haberleri","robots":{"index":"index","follow":"follow","max-snippet":"max-snippet:-1","max-image-preview":"max-image-preview:large","max-video-preview":"max-video-preview:-1"},"canonical":"https:\/\/saglikpersonelleri.com\/?page_id=477","og_locale":"tr_TR","og_type":"article","og_title":"K\u00fcnye - Sa\u011fl\u0131k Haberleri","og_description":"\u0130mtiyaz Sahibi \/ Grantee \u015eahin Gezer (info@saglikpersonelleri.com) Genel Yay\u0131n Y\u00f6netmeni \/ Editor in Chief Ahmet Duran (aduran@saglikpersonelleri.com) Edit\u00f6rler \/ Editors Elif \u00d6zer \u2013 elif.ozer@saglikpersonelleri.com Hakan \u00d6zt\u00fcrk \u2013 hakan.ozturk@saglikpersonelleri.com Ahmet Tan\u0131k \u2013 ahmet.tanik@saglikpersonelleri.com N\u00fckte Y\u0131lmaz \u2013 nukte@saglikpersonelleri.com Gece Vardiyas\u0131 Edit\u00f6r\u00fc \/ Night Shift Editor \u0130smail Ta\u015f \u2013 ismail.tas@saglikpersonelleri.com Hukuk Dan\u0131\u015fman\u0131 \/ Jurisconsult Av. Ahmet \u015een Reklam &hellip;","og_url":"https:\/\/saglikpersonelleri.com\/?page_id=477","og_site_name":"Sa\u011fl\u0131k Haberleri","article_modified_time":"2018-11-22T17:16:22+00:00","og_image":[{"url":"http:\/\/www.xturk.com\/wp-content\/uploads\/2013\/10\/xlogo1.png"}],"twitter_card":"summary_large_image","twitter_misc":{"Tahmini okuma s\u00fcresi":"3 dakika"},"schema":{"@context":"https:\/\/schema.org","@graph":[{"@type":"WebPage","@id":"https:\/\/saglikpersonelleri.com\/?page_id=477","url":"https:\/\/saglikpersonelleri.com\/?page_id=477","name":"K\u00fcnye - Sa\u011fl\u0131k Haberleri","isPartOf":{"@id":"https:\/\/saglikpersonelleri.com\/#website"},"primaryImageOfPage":{"@id":"https:\/\/saglikpersonelleri.com\/?page_id=477#primaryimage"},"image":{"@id":"https:\/\/saglikpersonelleri.com\/?page_id=477#primaryimage"},"thumbnailUrl":"http:\/\/www.xturk.com\/wp-content\/uploads\/2013\/10\/xlogo1.png","datePublished":"2015-04-12T15:44:07+00:00","dateModified":"2018-11-22T17:16:22+00:00","breadcrumb":{"@id":"https:\/\/saglikpersonelleri.com\/?page_id=477#breadcrumb"},"inLanguage":"tr","potentialAction":[{"@type":"ReadAction","target":["https:\/\/saglikpersonelleri.com\/?page_id=477"]}]},{"@type":"ImageObject","inLanguage":"tr","@id":"https:\/\/saglikpersonelleri.com\/?page_id=477#primaryimage","url":"http:\/\/www.xturk.com\/wp-content\/uploads\/2013\/10\/xlogo1.png","contentUrl":"http:\/\/www.xturk.com\/wp-content\/uploads\/2013\/10\/xlogo1.png"},{"@type":"BreadcrumbList","@id":"https:\/\/saglikpersonelleri.com\/?page_id=477#breadcrumb","itemListElement":[{"@type":"ListItem","position":1,"name":"Ana sayfa","item":"https:\/\/saglikpersonelleri.com\/"},{"@type":"ListItem","position":2,"name":"K\u00fcnye"}]},{"@type":"WebSite","@id":"https:\/\/saglikpersonelleri.com\/#website","url":"https:\/\/saglikpersonelleri.com\/","name":"Sa\u011fl\u0131k Haberleri","description":"Sa\u011fl\u0131k Personelleri G\u00fcndem ve Geli\u015fmeler","publisher":{"@id":"https:\/\/saglikpersonelleri.com\/#organization"},"potentialAction":[{"@type":"SearchAction","target":{"@type":"EntryPoint","urlTemplate":"https:\/\/saglikpersonelleri.com\/?s={search_term_string}"},"query-input":"required name=search_term_string"}],"inLanguage":"tr"},{"@type":"Organization","@id":"https:\/\/saglikpersonelleri.com\/#organization","name":"Sa\u011fl\u0131k Personelleri","url":"https:\/\/saglikpersonelleri.com\/","logo":{"@type":"ImageObject","inLanguage":"tr","@id":"https:\/\/saglikpersonelleri.com\/#\/schema\/logo\/image\/","url":"https:\/\/saglikpersonelleri.com\/wp-content\/uploads\/logo-1.png","contentUrl":"https:\/\/saglikpersonelleri.com\/wp-content\/uploads\/logo-1.png","width":270,"height":125,"caption":"Sa\u011fl\u0131k Personelleri"},"image":{"@id":"https:\/\/saglikpersonelleri.com\/#\/schema\/logo\/image\/"},"sameAs":["https:\/\/www.pinterest.com\/saglikhaberlerimiz\/"]}]}},"_links":{"self":[{"href":"https:\/\/saglikpersonelleri.com\/index.php?rest_route=\/wp\/v2\/pages\/477","targetHints":{"allow":["GET"]}}],"collection":[{"href":"https:\/\/saglikpersonelleri.com\/index.php?rest_route=\/wp\/v2\/pages"}],"about":[{"href":"https:\/\/saglikpersonelleri.com\/index.php?rest_route=\/wp\/v2\/types\/page"}],"author":[{"embeddable":true,"href":"https:\/\/saglikpersonelleri.com\/index.php?rest_route=\/wp\/v2\/users\/1"}],"replies":[{"embeddable":true,"href":"https:\/\/saglikpersonelleri.com\/index.php?rest_route=%2Fwp%2Fv2%2Fcomments&post=477"}],"version-history":[{"count":0,"href":"https:\/\/saglikpersonelleri.com\/index.php?rest_route=\/wp\/v2\/pages\/477\/revisions"}],"wp:attachment":[{"href":"https:\/\/saglikpersonelleri.com\/index.php?rest_route=%2Fwp%2Fv2%2Fmedia&parent=477"}],"curies":[{"name":"wp","href":"https:\/\/api.w.org\/{rel}","templated":true}]}}